.
615
Calculate the remainder when 554604931 is divided by 757657.
7
What is the remainder when 733821 is divided by 182726?
2917
Calculate the remainder when 6983846 is divided by 2488.
30
Calculate the remainder when 7406595 is divided by 1277.
1272
Calculate the remainder when 57964 is divided by 25.
14
Calculate the remainder when 1711704 is divided by 342338.
14
What is the remainder when 833924 is divided by 184?
36
What is the remainder when 39837 is divided by 1473?
66
What is the remainder when 1515712 is divided by 223?
204
What is the remainder when 63980 is divided by 410?
20
Calculate the remainder when 8548013 is divided by 2008.
1965
Calculate the remainder when 3218432 is divided by 681.
26
Calculate the remainder when 383084 is divided by 95764.
28
Calculate the remainder when 61888869 is divided by 49432.
5
What is the remainder when 72949171 is divided by 214?
209
Calculate the remainder when 8946972 is divided by 415.
402
Calculate the remainder when 1090404664 is divided by 54.
52
What is the remainder when 214208 is divided by 214195?
13
What is the remainder when 636513 is divided by 1424?
1409
Calculate the remainder when 262046 is divided by 52001.
2041
What is the remainder when 85949787 is divided by 635?
632
Calculate the remainder when 734232 is divided by 2547.
696
What is the remainder when 78113610 is divided by 4243?
4223
Calculate the remainder when 1496560 is divided by 337.
280
Calculate the remainder when 1339502 is divided by 6534.
32
Calculate the remainder when 1092315 is divided by 131.
37
Calculate the remainder when 103719163 is divided by 109.
104
What is the remainder when 563678 is divided by 702?
674
What is the remainder when 2118480 is divided by 11638?
364
What is the remainder when 1931562 is divided by 55?
17
Calculate the remainder when 25112 is divided by 23440.
1672
Calculate the remainder when 679234504 is divided by 1726.
1724
Calculate the remainder when 279615 is divided by 2768.
47
Calculate the remainder when 19160775 is divided by 182.
179
What is the remainder when 74861299 is divided by 101?
99
What is the remainder when 512593 is divided by 56421?
4804
What is the remainder when 214016339 is divided by 1691?
1688
Calculate the remainder when 47554 is divided by 1898.
104
What is the remainder when 68494 is divided by 2466?
1912
What is the remainder when 35820 is divided by 11756?
552
What is the remainder when 142152106 is divided by 35538020?
26
Calculate the remainder when 8311358 is divided by 327.
326
Calculate the remainder when 253778 is divided by 84569.
71
Calculate the remainder when 8528112 is divided by 2842699.
15
What is the remainder when 60360297 is divided by 495?
492
What is the remainder when 139535 is divided by 34548?
1343
What is the remainder when 71266571 is divided by 4397?
4392
What is the remainder when 15331284 is divided by 2787?
2784
Calculate the remainder when 19375 is divided by 3857.
90
Calculate the remainder when 749647 is divided by 94.
91
What is the remainder when 50725 is divided by 2926?
983
Calculate the remainder when 7110706 is divided by 888836.
18
Calculate the remainder when 4848326 is divided by 216.
206
Calculate the remainder when 2986945 is divided by 597388.
5
Calculate the remainder when 2148310 is divided by 716102.
4
Calculate the remainder when 379333 is divided by 94830.
13
Calculate the remainder when 71834749 is divided by 340449.
10
Calculate the remainder when 140053092 is divided by 2191.
2181
What is the remainder when 7233915 is divided by 537?
525
What is the remainder when 4046936 is divided by 6104?
6088
Calculate the remainder when 818368 is divided by 818299.
69
Calculate the remainder when 109722 is divided by 6715.
2282
Calculate the remainder when 5259722 is divided by 154697.
24
Calculate the remainder when 113442 is divided by 3135.
582
Calculate the remainder when 108580 is divided by 1417.
888
Calculate the remainder when 252824 is divided by 63202.
16
Calculate the remainder when 15200618 is divided by 4032.
4010
Calculate the remainder when 29292271 is divided by 10797.
10
What is the remainder when 303838 is divided by 921?
829
Calculate the remainder when 667962 is divided by 489.
477
Calculate the remainder when 3546362 is divided by 171.
164
Calculate the remainder when 216798 is divided by 5286.
72
What is the remainder when 2456 is divided by 275?
256
Calculate the remainder when 1683 is divided by 440.
363
Calculate the remainder when 3689820 is divided by 139.
65
What is the remainder when 891805 is divided by 4350?
55
What is the remainder when 288962966 is divided by 66352?
6
Calculate the remainder when 2000161 is divided by 14185.
76
Calculate the remainder when 87272 is divided by 215.
197
What is the remainder when 3263767 is divided by 144?
7
What is the remainder when 5310786 is divided by 272?
258
Calculate the remainder when 958051 is divided by 4456.
11
What is the remainder when 598152 is divided by 4939?
533
Calculate the remainder when 532712 is divided by 177544.
80
Calculate the remainder when 66817961 is divided by 101.
98
What is the remainder when 134243170 is divided by 2124?
2122
Calculate the remainder when 22998247 is divided by 49.
48
What is the remainder when 1177425 is divided by 847?
95
Calculate the remainder when 1543509 is divided by 2023.
1983
Calculate the remainder when 122345198 is divided by 100.
98
Calculate the remainder when 1023407 is divided by 166.
17
What is the remainder when 84423312 is divided by 28141101?
9
Calculate the remainder when 3775924 is divided by 514.
80
What is the remainder when 87218776 is divided by 427543?
4
What is the remainder when 40358801 is divided by 377185?
6
Calculate the remainder when 13001 is divided by 2589.
56
What is the remainder when 33421 is divided by 5558?
73
Calculate the remainder when 26528757 is divided by 885.
882
What is the remainder when 18054 is divided by 465?
384
Calculate the remainder when 150422 is divided by 15014.
282
What is the remainder when 1682170 is divided by 124?
110
Calculate the remainder when 9935763 is divided by 1103972.
15
Calculate the remainder when 899883 is divided by 3813.
15
What is the remainder when 533279 is divided by 39?
32
Calculate the remainder when 833756 is divided by 356.
4
Calculate the remainder when 313470899 is divided by 359.
356
What is the remainder when 4539265 is divided by 648466?
3
What is the remainder when 137884 is divided by 98?
96
Calculate the remainder when 67155777 is divided by 17.
14
Calculate the remainder when 196851 is divided by 49206.
27
What is the remainder when 1259510 is divided by 5941?
18
What is the remainder when 1245931 is divided by 5147?
357
Calculate the remainder when 104875 is divided by 24.
19
What is the remainder when 40305 is divided by 6?
3
What is the remainder when 768382 is divided by 278?
268
Calculate the remainder when 134051 is divided by 239.
211
Calculate the remainder when 3186847 is divided by 5784.
5647
Calculate the remainder when 834508 is divided by 918.
46
What is the remainder when 23936886 is divided by 583826?
20
What is the remainder when 286298 is divided by 8930?
538
Calculate the remainder when 3877952 is divided by 1243.
1035
What is the remainder when 2779739 is divided by 694910?
99
What is the remainder when 1289591 is divided by 745?
741
Calculate the remainder when 2653112 is divided by 2653108.
4
What is the remainder when 1560872 is divided by 798?
782
What is the remainder when 3041848 is divided by 962?
4
Calculate the remainder when 82737 is divided by 5978.
5023
What is the remainder when 15130898 is divided by 460?
118
What is the remainder when 652461 is divided by 93204?
33
What is the remainder when 393208917 is divided by 115?
112
Calculate the remainder when 97066998 is divided by 4412136.
6
Calculate the remainder when 4326951 is divided by 56194.
13
Calculate the remainder when 218843 is divided by 218724.
119
What is the remainder when 227745 is divided by 44725?
4120
What is the remainder when 719051 is divided by 6783?
53
Calculate the remainder when 123887 is divided by 115.
32
What is the remainder when 141777 is divided by 41?
40
What is the remainder when 327104 is divi